{"id":41758,"date":"2025-12-07T16:21:04","date_gmt":"2025-12-07T14:21:04","guid":{"rendered":"https:\/\/pomello.ee\/toode\/kosmetologin-tyokarry-hs09-valkoinen\/"},"modified":"2025-12-07T16:21:04","modified_gmt":"2025-12-07T14:21:04","slug":"kosmetologin-tyokarry-hs09-valkoinen","status":"publish","type":"product","link":"https:\/\/pomello.ee\/fi\/toode\/kosmetologin-tyokarry-hs09-valkoinen\/","title":{"rendered":"Kosmetologin ty\u00f6k\u00e4rry HS09 Valkoinen"},"content":{"rendered":"","protected":false},"excerpt":{"rendered":"<p>HS09-kosmetologin ty\u00f6k\u00e4rry on kevyt ja k\u00e4yt\u00e4nn\u00f6llinen, suunniteltu jokap\u00e4iv\u00e4iseen k\u00e4ytt\u00f6\u00f6n kauneushoitoloissa ja kylpyl\u00f6iss\u00e4. P\u00f6yt\u00e4 on esteettisesti muotoiltu ja py\u00f6rien ansiosta sit\u00e4 on helppo siirt\u00e4\u00e4, mik\u00e4 tekee ty\u00f6skentelyst\u00e4 sujuvampaa ja k\u00e4tev\u00e4mp\u00e4\u00e4.<\/p>\n<p>Vahva metallirunko varmistaa kest\u00e4vyyden ja vakauden, ja avoimet hyllyt tarjoavat nopean p\u00e4\u00e4syn kaikkeen tarvittavaan. T\u00e4ydellinen ty\u00f6kalujen, kosmetiikan ja tarvikkeiden s\u00e4ilytykseen.<\/p>\n<p>Edut:<br \/>\n\u2013 kevyt ja liikuteltava rakenne<br \/>\n\u2013 vahva metallirunko<br \/>\n\u2013 ihanteellinen kauneushoitola- ja kylpyl\u00e4hoitoihin<br \/>\n\u2013 auttaa pit\u00e4m\u00e4\u00e4n ty\u00f6pinnan siistin\u00e4 ja j\u00e4rjestyksess\u00e4<\/p>\n<p>Yksinkertainen, tyylik\u00e4s ja v\u00e4ltt\u00e4m\u00e4t\u00f6n ty\u00f6kalu jokaisen mestarin ty\u00f6tilassa.<\/p>\n","protected":false},"featured_media":38523,"comment_status":"open","ping_status":"closed","template":"","meta":{"_monsterinsights_skip_tracking":false,"_monsterinsights_sitenote_active":false,"_monsterinsights_sitenote_note":"","_monsterinsights_sitenote_category":0},"product_brand":[],"product_cat":[1601,1603],"product_tag":[],"class_list":{"0":"post-41758","1":"product","2":"type-product","3":"status-publish","4":"has-post-thumbnail","6":"product_cat-kauneushoitolan-kalusteet","7":"product_cat-karryt-ja-laitetasot","8":"pa_brand-active","9":"pa_varv-valge-fi","11":"first","12":"instock","13":"taxable","14":"shipping-taxable","15":"purchasable","16":"product-type-simple"},"_links":{"self":[{"href":"https:\/\/pomello.ee\/fi\/wp-json\/wp\/v2\/product\/41758","targetHints":{"allow":["GET"]}}],"collection":[{"href":"https:\/\/pomello.ee\/fi\/wp-json\/wp\/v2\/product"}],"about":[{"href":"https:\/\/pomello.ee\/fi\/wp-json\/wp\/v2\/types\/product"}],"replies":[{"embeddable":true,"href":"https:\/\/pomello.ee\/fi\/wp-json\/wp\/v2\/comments?post=41758"}],"wp:featuredmedia":[{"embeddable":true,"href":"https:\/\/pomello.ee\/fi\/wp-json\/wp\/v2\/media\/38523"}],"wp:attachment":[{"href":"https:\/\/pomello.ee\/fi\/wp-json\/wp\/v2\/media?parent=41758"}],"wp:term":[{"taxonomy":"product_brand","embeddable":true,"href":"https:\/\/pomello.ee\/fi\/wp-json\/wp\/v2\/product_brand?post=41758"},{"taxonomy":"product_cat","embeddable":true,"href":"https:\/\/pomello.ee\/fi\/wp-json\/wp\/v2\/product_cat?post=41758"},{"taxonomy":"product_tag","embeddable":true,"href":"https:\/\/pomello.ee\/fi\/wp-json\/wp\/v2\/product_tag?post=41758"}],"curies":[{"name":"wp","href":"https:\/\/api.w.org\/{rel}","templated":true}]}}

Kosmetologin työkärry HS09 Valkoinen

<p>HS09-kosmetologin työkärry on kevyt ja käytännöllinen, suunniteltu jokapäiväiseen käyttöön kauneushoitoloissa ja kylpylöissä. Pöytä on esteettisesti muotoiltu ja pyörien ansiosta sitä on helppo siirtää, mikä tekee työskentelystä sujuvampaa ja kätevämpää.</p>
<p>Vahva metallirunko varmistaa kestävyyden ja vakauden, ja avoimet hyllyt tarjoavat nopean pääsyn kaikkeen tarvittavaan. Täydellinen työkalujen, kosmetiikan ja tarvikkeiden säilytykseen.</p>
<p>Edut:<br />
– kevyt ja liikuteltava rakenne<br />
– vahva metallirunko<br />
– ihanteellinen kauneushoitola- ja kylpylähoitoihin<br />
– auttaa pitämään työpinnan siistinä ja järjestyksessä</p>
<p>Yksinkertainen, tyylikäs ja välttämätön työkalu jokaisen mestarin työtilassa.</p>
